lse
Suppose -1 + 21 = 5*s. Suppose -4*d + s = 0, -u = 2*d - 0 + 11. Let y = -5 - u. Is y a multiple of 5?
False
Let w be ((-4)/10)/(2/180). Let o(f) = -f**2 - 6*f + 3. Let k be o(5). Let j = w - k. Does 8 divide j?
True
Let f be (2/(-5))/((-1)/35). Let k = -2 - -20. Suppose f = 4*z - k. Is 4 a factor of z?
True
Let a = 6 + -5. Let f = a - 1. Suppose f = t + t - 38. Does 19 divide t?
True
Let p = -5 + 5. Suppose p = -6*d + 2*d. Suppose d = -3*z + z + 26. Does 4 divide z?
False
Let q(k) be the third derivative of k**4/24 - k**3/6 - 6*k**2. Is q(7) even?
True
Let u(z) = -z**2 - 6*z + 3. Let b be u(-6). Let y be ((-1)/b)/((-2)/42). Let r = y + -2. Is r a multiple of 5?
True
Suppose 0 = -5*d + 2*n - 3*n + 22, 37 = 5*d - 4*n. Let v be -2 - 26*d/2. Let w = v + 124. Is w a multiple of 23?
False
Suppose 3*w + 56 = 5*w. Is 8 a factor of w?
False
Suppose -90 = 5*i - 5*q, q + q = 5*i + 75. Let d = -6 - i. Let p = d + 18. Is p a multiple of 11?
False
Let f = 27 - 15. Does 5 divide (-2)/(-6) - (-56)/f?
True
Let q = 99 - 21. Let v = q - 44. Does 15 divide (-3)/(-6)*v + -1?
False
Let i(d) = -6 + 16*d - d**2 - 1 - 5*d. Suppose -s - 4*s + 3*a = -47, 0 = 4*a + 16. Is 19 a factor of i(s)?
False
Suppose 4*o - 3*t = 188, -3*o + 141 = -t + 3*t. Suppose -o - 13 = -4*u. Is 15 a factor of u?
True
Let h = -57 + 127. Let y = 58 - 79. Let a = h + y. Is a a multiple of 18?
False
Let b(y) = -13*y + 3. Let r be b(-7). Let o = r + -60. Is 21 a factor of o?
False
Let o(h) = 8*h**3 - 2*h**2 + 5*h - 5. Let y(p) = -9*p**3 + 3*p**2 - 6*p + 6. Let q(k) = -5*o(k) - 4*y(k). Does 16 divide q(-2)?
False
Suppose -h - 2*c + 40 = -7*c, -2*h = 2*c - 56. Does 10 divide h?
True
Let k(q) = -2*q + 9. Let l be k(-11). Let r = l - 17. Is 12 a factor of r?
False
Suppose 5*n = 2*n. Suppose 5*v - 44 = -2*p - n*v, p + 3*v - 20 = 0. Does 16 divide p?
True
Let l(d) = d**2 + 29. Suppose 2*q = -0*q. Let o be l(q). Suppose -23 = -x - 0*v + 2*v, -x - v = -o. Does 19 divide x?
False
Let i(k) be the first derivative of -25*k**2/2 + k + 3. Is i(-2) a multiple of 29?
False
Does 10 divide 7*(0 - (-30)/7)?
True
Suppose -s + 3 + 1 = 0. Let i be 10/s*(-4)/(-1). Let p = 24 - i. Is p a multiple of 14?
True
Let f be (1*106/(-2))/(-1). Suppose l = -3*o + f, -3*l - 4*o + 169 = -0*l. Does 17 divide l?
False
Suppose -3*j - 25 = -229. Is 34 a factor of j?
True
Let p = 111 - -155. Is p a multiple of 17?
False
Let s = -12 - -38. Is 6 a factor of s?
False
Suppose 0 = i + 41 - 87. Does 23 divide i?
True
Suppose -4*o - 350 = -y, 3*y - y - 676 = -4*o. Is 18 a factor of y?
True
Suppose 5*x + 3*m = 2*x + 786, 0 = 5*x - 2*m - 1289. Is x a multiple of 34?
False
Suppose -w - v = -6, -2*w - 3*v + 1 = -14. Is 14 + w/((-6)/2) a multiple of 7?
False
Let i = -10 - -52. Does 14 divide i?
True
Suppose z + 4*z - 175 = 0. Does 27 divide z?
False
Let o = 81 + -9. Is o a multiple of 36?
True
Let l(p) be the first derivative of 10*p**3/3 - p - 3. Is 9 a factor of l(1)?
True
Let x(r) be the second derivative of r**5/20 + 3*r**4/4 + r**3 + 5*r**2 - 3*r. Is x(-8) a multiple of 13?
True
Let y(k) = -7*k + 3. Let a be y(9). Let v = 115 + a. Suppose -5*q = 2*h + 3*h - v, q = 3*h - 29. Does 10 divide h?
True
Suppose 4*x = 9*x - 510. Does 6 divide x?
True
Suppose 4*q - 43 + 7 = 0. Let z be 615/q - 2/6. Suppose 0*a = 4*a - z. Is a a multiple of 9?
False
Suppose 2*b + 58 = 2*r - 2*b, -4*b + 87 = 3*r. Is r a multiple of 29?
True
Suppose 3*y + 2*o = -10, -4*y = -0*o - 2*o - 10. Suppose 2*b + 3*c = y, -4*c + 3 - 2 = 3*b. Does 2 divide 10 - (3 + 0/b)?
False
Is (-2 + 1)/(7/(-126)) even?
True
Let g(s) = -s**3 - 5*s**2 - s - 1. Let r be g(-6). Suppose -4*b + 1 = -a - 9, -3*b = -3*a - 12. Suppose -4*h = -c - r, b*h = -3*c + 3 + 28. Does 8 divide h?
False
Let c(a) = a**3 - 8*a**2 - 7*a + 2. Let y be c(7). Let l = 136 + y. Is 20 a factor of l?
True
Suppose 4*s - 10 - 2 = 0. Suppose -r = -d + 3*d - 3, -2*d - 9 = -s*r. Suppose 0*i + 5*i + 2*p - 10 = d, i - 2*p = 2. Does 2 divide i?
True
Let w(j) = -12*j - 1 - 5 - 1. Is w(-4) a multiple of 12?
False
Let k be (-6)/(2/1 - 4). Suppose -k + 12 = b. Is 7 a factor of b?
False
Suppose -i = -2*i + 3. Let s = 21 - i. Is 6 a factor of s?
True
Suppose 3*x - 73 = 2*a, 8 + 57 = 3*x + 2*a. Suppose 0 = -r - 3*s + 3 - 0, r - x = s. Is r a multiple of 8?
False
Let k = -32 + 6. Let j be 2 + 3*k/(-3). Let w = j - 8. Is 10 a factor of w?
True
Suppose 2*n + n + 6 = 0. Let c = n - -6. Suppose 6*x - x + c*l - 36 = 0, -5*l = -5*x. Does 3 divide x?
False
Suppose -2 = -w + 25. Suppose -2*d = 2*l - 24, -2*l + 2 + 7 = 5*d. Let u = w - l. Is u a multiple of 10?
True
Let q(p) = 6*p**2 + 4*p + 10. Does 7 divide q(-2)?
False
Suppose -a + 0*a - 6 = 0. Is (-1110)/(-25) - a/(-15) a multiple of 22?
True
Let l(a) = 6*a - 2. Suppose q = 4*u - 22 + 4, -q = 3*u - 10. Let c = 1 - q. Is l(c) a multiple of 8?
True
Suppose 0 = 4*s - 4, x = -0*x - s + 11. Let l = x - 6. Suppose -3*i + 4 = -2*i, -3 = n - l*i. Is 13 a factor of n?
True
Let a(k) = k**3 + 4*k**2 - k - 1. Let g be a(-4). Let p be (-16)/12 - (-1)/g. Is 5/(p/2*-1) a multiple of 3?
False
Suppose -2*f + 22 = 3*h, -5*h + 0*f = f - 46. Is ((-24)/h)/(5/(-75)) a multiple of 18?
True
Let g(f) = -f**3 + 8*f**2 + f + 1. Let m be g(8). Let t = m - -16. Does 10 divide t?
False
Let u(t) = t**2 - 3*t + 3. Let m be u(3). Suppose 0 = -m*i + 2 - 11, 2*i = 4*v - 534. Suppose 3*s - 4*s + z = -33, 4*s - 2*z - v = 0. Is 17 a factor of s?
False
Let g(v) = -v**3 - 5*v**2 + 2*v - 6. Does 4 divide g(-6)?
False
Let p = 88 - -233. Does 39 divide p?
False
Let g be 20/(-2)*(-8)/4. Suppose -3*v - 470 = -5*a, -a = -2*v + 15 - 109. Suppose -u - 2*s + g = -9, 2*u - 5*s = a. Is 16 a factor of u?
False
Does 9 divide (95 - (1 - 1)) + 3?
False
Suppose -3*l = -4*l + 8. Suppose l*r + 77 = 9*r. Does 25 divide r?
False
Let r = 9 + 4. Suppose 2*o = o + r. Is o a multiple of 7?
False
Suppose -t + 1 = -1. Suppose t*w + w - 6 = 0. Is 8 a factor of 4/w + 6/1?
True
Let y = -52 + 80. Does 7 divide y?
True
Let u = -24 - -116. Let n = u + -66. Does 26 divide n?
True
Suppose 6*u - 2*u = -4*b + 256, 157 = 3*u - 4*b. Is u a multiple of 16?
False
Let l(a) = -a**3 + 10*a**2 - 12*a + 14. Does 23 divide l(8)?
True
Let l(i) = i**2 + i. Let p(j) = -j**2 + 4*j - 6. Let m(f) = 3*l(f) + p(f). Is m(-6) a multiple of 13?
False
Suppose 8*f = 4*f - 3*h + 245, 3*f + 3*h = 180. Is f a multiple of 13?
True
Let x = 112 + -66. Is 2 a factor of 8/(-28) - x/(-14)?
False
Let c = -3 - -3. Suppose 5*o = -c*o + 100. Is 20 a factor of o?
True
Suppose 3*k - 4000 = -7*k. Does 16 divide k?
True
Let r(x) = -5*x**2 + 4*x - 2. Let s be r(2). Let n = -7 + -27. Let m = s - n. Is 10 a factor of m?
True
Suppose 3*r - 7*r + 148 = 0. Let d = 11 + -35. Let w = d + r. Is w a multiple of 13?
True
Let j(d) = d**3 - 15*d**2 - 15*d + 10. Is 13 a factor of j(16)?
True
Let p(s) = 3*s**2 + 9*s + 14. Does 20 divide p(-10)?
False
Suppose 2*k - 4*f - 158 = 0, 6*k + 2*f - 346 = 2*k. Does 15 divide k?
False
Let t(z) = 3*z**2 - 3*z - 9. Let c be t(7). Suppose 4*s = s + c. Does 13 divide s?
True
Let r be 2 + -193 - 2 - 1. Let j(c) = -4*c - 10. Let y be j(-4). Is 13 a factor of 1/(-3) - r/y?
False
Let d(a) = a + 1. Let t be d(1). Let z = t + 3. Is z a multiple of 3?
False
Suppose u - 1 = 5. Let c = -1 + u. Does 5 divide c?
True
Suppose 0 = 3*c - 5*v + 4, 6*c + 4*v - 14 = 3*c. Let d = c + 0. Suppose -3*x = 3*f - 4*f - 75, d*f - 42 = -2*x. Does 12 divide x?
True
Suppose -10*h + 2740 = 620. Does 53 divide h?
True
Let q be 10/(-3)*(-9)/6. Suppose 5*d - 192 + 6 = p, -q*p = -20. Let l = d - 14. Is 8 a factor of l?
True
Suppose -1492 = -4*o - 2*f - 530, 1240 = 5*o - 5*f. Does 9 divide o?
True
Let p = 63 + -25. Suppose -1 = n, 2*n - p = -5*m + 60. Does 13 divide m?
False
Is 11 a factor of ((-1)/1)/(32/(-1408))?
True
Suppose 3*o - 4*a - 85 = 0, -4*a + a - 12 = 0. Suppose o + 13 = 2*q. Is q a multiple of 18?
True
Let d(f) = -5*f**3 - 5*f**2 + 4*f - 34. Suppose -2*m = -4 - 2. Let v(i) = -4*i**3 - 4*i**2 + 3*i - 33. Let o(s) = m*d(s) - 4*v(s). Is o(0) a multiple of 15?
True
Suppose 57 = 5*p - 0*p + 2*u, 56 = 5*p + u. Is 11 a factor of p?
True
Suppose 0 = k + 4*k. Suppose -3*t + 2 + 13 = k. Does 5 divide t?
True
Let s = 125 - -5. Let i(y) = -y**2 + 6*y - 2. Let g be i(5). Suppose -s = -g*x - 2*x. Does 13 divide x